 the tens digit of 6293519?
1
What is the thousands digit of 452926?
2
What is the hundreds digit of 216535?
5
What is the tens digit of 12082158?
5
What is the hundreds digit of 3923275?
2
What is the hundred thousands digit of 296360?
2
What is the thousands digit of 561762?
1
What is the tens digit of 905600?
0
What is the hundred thousands digit of 5411456?
4
What is the units digit of 52083?
3
What is the hundreds digit of 211438?
4
What is the ten thousands digit of 317723?
1
What is the hundred thousands digit of 128341?
1
What is the thousands digit of 1373209?
3
What is the units digit of 1757258?
8
What is the ten thousands digit of 210711?
1
What is the thousands digit of 888532?
8
What is the hundreds digit of 838497?
4
What is the hundreds digit of 3392626?
6
What is the ten millions digit of 12435828?
1
What is the hundred thousands digit of 381293?
3
What is the tens digit of 20722794?
9
What is the hundred thousands digit of 255683?
2
What is the ten thousands digit of 1014409?
1
What is the hundred thousands digit of 12050789?
0
What is the hundreds digit of 841117?
1
What is the hundred thousands digit of 12180671?
1
What is the tens digit of 9163100?
0
What is the ten thousands digit of 223884?
2
What is the hundreds digit of 11522164?
1
What is the thousands digit of 1989192?
9
What is the ten thousands digit of 15493586?
9
What is the hundred thousands digit of 1343265?
3
What is the hundred thousands digit of 336241?
3
What is the units digit of 642950?
0
What is the hundred thousands digit of 168895?
1
What is the thousands digit of 445861?
5
What is the ten thousands digit of 488383?
8
What is the units digit of 5218914?
4
What is the hundred thousands digit of 668863?
6
What is the ten thousands digit of 50726?
5
What is the units digit of 300762?
2
What is the tens digit of 10342876?
7
What is the ten thousands digit of 34056?
3
What is the hundreds digit of 136851?
8
What is the thousands digit of 201995?
1
What is the tens digit of 4031536?
3
What is the ten thousands digit of 1306030?
0
What is the hundreds digit of 4067792?
7
What is the hundred thousands digit of 8081354?
0
What is the thousands digit of 205669?
5
What is the thousands digit of 514375?
4
What is the thousands digit of 45504?
5
What is the thousands digit of 857127?
7
What is the hundred thousands digit of 1776643?
7
What is the ten thousands digit of 290734?
9
What is the units digit of 1335510?
0
What is the thousands digit of 1303265?
3
What is the hundred thousands digit of 957595?
9
What is the hundreds digit of 10354285?
2
What is the units digit of 4545200?
0
What is the tens digit of 10043369?
6
What is the millions digit of 7092850?
7
What is the hundreds digit of 162830?
8
What is the hundreds digit of 2430277?
2
What is the units digit of 208407?
7
What is the hundred thousands digit of 7793655?
7
What is the thousands digit of 606972?
6
What is the tens digit of 226656?
5
What is the hundred thousands digit of 1461832?
4
What is the units digit of 131418?
8
What is the hundred thousands digit of 470464?
4
What is the hundreds digit of 164266?
2
What is the units digit of 85083?
3
What is the units digit of 6893462?
2
What is the hundred thousands digit of 229589?
2
What is the hundred thousands digit of 1233530?
2
What is the hundreds digit of 221723?
7
What is the hundred thousands digit of 8700004?
7
What is the hundreds digit of 607081?
0
What is the hundreds digit of 2150023?
0
What is the hundreds digit of 555195?
1
What is the hundred thousands digit of 16444277?
4
What is the ten millions digit of 23099893?
2
What is the millions digit of 2609778?
2
What is the tens digit of 35273?
7
What is the hundred thousands digit of 1153094?
1
What is the hundred thousands digit of 9443820?
4
What is the hundred thousands digit of 385133?
3
What is the hundred thousands digit of 2754058?
7
What is the thousands digit of 14430288?
0
What is the millions digit of 3017287?
3
What is the ten thousands digit of 13184105?
8
What is the hundred thousands digit of 291926?
2
What is the thousands digit of 321595?
1
What is the ten thousands digit of 242903?
4
What is the tens digit of 857356?
5
What is the thousands digit of 9765793?
5
What is the units digit of 4603797?
7
What is the ten thousands digit of 8633842?
3
What is the ten thousands digit of 3011416?
1
What is the hundreds digit of 3826075?
0
What is the hundreds digit of 4486566?
5
What is the thousands digit of 353711?
3
What is the hundreds digit of 412289?
2
What is the units digit of 331738?
8
What is the hundred thousands digit of 235503?
2
What is the tens digit of 1029?
2
What is the hundred thousands digit of 3407202?
4
What is the thousands digit of 1012267?
2
What is the millions digit of 6856242?
6
What is the units digit of 720125?
5
What is the hundred thousands digit of 2063744?
0
What is the units digit of 163760?
0
What is the units digit of 1663429?
9
What is the ten thousands digit of 2978132?
7
What is the tens digit of 2834450?
5
What is the millions digit of 1202193?
1
What is the thousands digit of 1576199?
6
What is the ten thousands digit of 1385473?
8
What is the hundreds digit of 624209?
2
What is the hundreds digit of 12368810?
8
What is the thousands digit of 30648?
0
What is the ten millions digit of 11757968?
1
What is the ten thousands digit of 123850?
2
What is the hundred thousands digit of 18725159?
7
What is the hundreds digit of 240555?
5
What is the tens digit of 181821?
2
What is the millions digit of 6541106?
6
What is the units digit of 133508?
8
What is the tens digit of 8391003?
0
What is the thousands digit of 915747?
5
What is the hundreds digit of 1153981?
9
What is the thousands digit of 1057209?
7
What is the hundred thousands digit of 8068750?
0
What is the ten thousands digit of 194140?
9
What is the tens digit of 856843?
4
What is the hundred thousands digit of 1421107?
4
What is the tens digit of 182687?
8
What is the hundreds digit of 2930374?
3
What is the tens digit of 173337?
3
What is the hundred thousands digit of 1986901?
9
What is the hundreds digit of 11291332?
3
What is the hundred thousands digit of 3630995?
6
What is the thousands digit of 1753253?
3
What is the ten thousands digit of 311426?
1
What is the hundreds digit of 1906755?
7
What is the units digit of 1149278?
8
What is the thousands digit of 139816?
9
What is the hundreds digit of 1856153?
1
What is the thousands digit of 90405?
0
What is the thousands digit of 166225?
6
What is the units digit of 19107393?
3
What is the hundreds digit of 10306284?
2
What is the hundreds digit of 587934?
9
What is the thousands digit of 31102735?
2
What is the hundreds digit of 576442?
4
What is the hundreds digit of 3741041?
0
What is the units digit of 5679447?
7
What is the thousands digit of 312254?
2
What is the units digit of 5925622?
2
What is the units digit of 11890420?
0
What is the hundred thousands digit of 9988418?
9
What is the hundreds digit of 85650?
6
What is the hundred thousands digit of 399355?
3
What is the tens digit of 344600?
0
What is the hundreds digit of 52602?
6
What is the hundred thousands digit of 672412?
6
What is the millions digit of 7482035?
7
What is the hundreds digit of 426400?
4
What is the units digit of 166669?
9
What is the ten thousands digit of 13357689?
5
What is the ten thousands digit of 17728646?
2
What is the ten thousands digit of 851073?
5
What is the units digit of 2028112?
2
What is the hundred thousands digit of 842839?
8
What is the tens digit of 180324?
2
What is the hundred thousands digit of 5463259?
4
What is the hundreds digit of 4330702?
7
What is the hundreds digit of 56059?
0
What is the hundreds digit of 1790483?
4
What is the tens digit of 24872991?
9
What is the thousands digit of 1651772?
1
What is the units digit of 2278221?
1
What is the units digit of 750882?
2
What is the ten thousands digit of 4497853?
9
What is the thousands digit of 4318908?
8
What is the tens digit of 1744943?
4
What is the ten thousands digit of 661609?
6
What is the hundred thousands digit of 23979763?
9
What is the hundred thousands digit of 180200?
1
What is the hundreds digit of 548169?
1
What is the tens digit of 1808197?
9
What 